sor of p and 381?
127
Suppose -6 - 44 = 2*n. Let o = -1 - n. Let b be (1/2)/(11/792). Calculate the highest common divisor of o and b.
12
Suppose 137*u + 211*u - 955 = 89. What is the highest common factor of u and 11862?
3
Let n(k) = -443*k - 6240. Let x be n(-15). Calculate the greatest common factor of 108 and x.
27
Let f(s) = s**3 - 11*s**2 + 18*s + 3. Let q be f(9). Suppose 0 = q*p - 3, -3*x = 6*p - 5*p - 31. What is the greatest common divisor of x and 6?
2
Suppose 4*f = 4*s + 240, -2*s + 3*s = 5. Let i(c) = 146*c - 49. Let p be i(-2). Let l = 354 + p. What is the greatest common factor of f and l?
13
Suppose -75 = -77*j + 76*j - 3*k, 2*k = 3*j - 258. What is the greatest common factor of 532 and j?
28
Let p(l) = -9*l - 33. Let f be p(-4). Let a be (-14)/(-21) - (-40)/f. Calculate the greatest common factor of a and 21.
7
Let r(d) = 4*d**2 + 41*d + 3. Let v be r(-29). What is the greatest common divisor of v and 594?
198
Let l(k) = 997*k - 193. Let x be l(1). Calculate the highest common divisor of 132 and x.
12
Let h be (-4)/(((-55)/1070)/11). Calculate the greatest common factor of h and 16.
8
Let s be (-470)/8*(-35)/25 + (-133)/532. What is the highest common factor of s and 3977?
41
Suppose 3932*r - 3936*r = -40 - 0. Calculate the highest common factor of r and 830.
10
Suppose -63 = -2*g + n + 2*n, 57 = 2*g + 3*n. Let i = 90 - g. What is the greatest common divisor of i and 285?
15
Suppose -5*u + 407 + 133 = 0. Let w be (162/24*-2)/(((-102)/16)/17). Calculate the greatest common divisor of w and u.
36
Let g(s) = -20*s**2 + 9*s + 68. Let k be g(-6). Let p = k - -736. Calculate the greatest common divisor of p and 30.
30
Let d(m) = 13*m**3 - 45*m**2 - 11*m - 18. Let h be d(5). What is the highest common factor of 56 and h?
7
Suppose 0 = -2*j - 8*c + 7*c + 78, j - 18 = 3*c. What is the highest common factor of j and 10314?
18
Suppose -2*f + 24 = 2*u, 5*f - u + 0*u = 30. Let c(q) = -q + 38. Let b be 6/(-4) - (1 - (-17)/2). Let v be c(b). What is the highest common factor of v and f?
7
Let v be (177/(-12))/(4 - (-15)/(-4)). Let m be 2*((-553)/(-2))/7. Let b = m + v. Calculate the highest common divisor of 160 and b.
20
Let v be (-18)/(-5)*(-100)/30. Let y = 12 + v. Let m(d) = d**2 - 4*d + 27. Let u be m(y). Calculate the greatest common divisor of 297 and u.
27
Suppose 2*g = 3*r + 65, 2*g - 2*r - 61 = -1. Calculate the highest common factor of g and 1325.
25
Let h(y) = 2*y**2 - 6*y - 6. Let v be (-1 - 1) + 2 - -5. Let l be h(v). Suppose -39*q - 301 + 543 = 82*q. Calculate the highest common divisor of q and l.
2
Let b(p) = -19*p - 69. Let j be b(-5). Suppose 0 = -j*t + 12*t + 2450. Calculate the highest common divisor of t and 25.
25
Let r = 55 + -56. Let o be (r/2)/((-1)/4). Let v be o*2*(4 + (-10)/(-8)). What is the highest common divisor of v and 3?
3
Let a(j) = -j**3 + 9*j**2 + j + 15. Let q be a(9). Let h = q + -9. What is the highest common divisor of 20 and h?
5
Let h(p) = p**3 + 5*p**2 - 11*p - 9. Let n be h(-6). Suppose 894 = n*d - 114. What is the greatest common divisor of 15 and d?
3
Let q = 2201 + -2124. Calculate the highest common divisor of q and 297.
11
Let c(j) = -406*j**3 - 41*j**2 - 41*j + 1. Let f be c(-1). What is the greatest common factor of 275 and f?
11
Let l be ((-1)/(-3) + -1)/(4/(-102)). Suppose -39 = -l*n + 114. Calculate the highest common factor of n and 2.
1
Let j(u) = 70*u**2 - 48*u - 70. Let t be j(-3). Calculate the highest common factor of 320 and t.
64
Let x = 495 + -315. Let m be ((-5)/(25/x))/(-2). What is the greatest common factor of m and 153?
9
Suppose -4*g + 2117 = 5*s, -42*g = -40*g - 4*s - 1078. What is the highest common divisor of g and 286?
13
Let y = -82 - -524. What is the greatest common divisor of y and 130?
26
Suppose 4*y = 2*v - 236, -508 = -4*v + 2*y - 3*y. Let k = v + -108. Let f be 1886/k + (-14)/(-63). Calculate the highest common divisor of 35 and f.
35
Let i be 1/(-10)*661990/(-1351). Let a(c) = 11*c**2 - 4. Let s be a(-6). What is the highest common factor of s and i?
49
Let a(m) = m**2 - m - 22. Let j be 12 + -18 + 4/(-2). Let d be a(j). Calculate the greatest common divisor of 50 and d.
50
Let l = 22324 + -12460. What is the greatest common factor of 12 and l?
12
Let o(a) = 12*a + 16 - 147 - 18*a - 15*a. Let s be o(-8). Suppose -3*h - 2*v + 1087 - 318 = 0, -538 = -2*h + 5*v. What is the highest common factor of s and h?
37
Let i(r) = -8*r**2 - 561*r + 76. Let x be i(-50). Calculate the highest common factor of 34 and x.
34
Let o = -28 - -56. Suppose 223*w = 98*w + 19250. Calculate the highest common divisor of w and o.
14
Let l(d) = -d**2 - 4*d - 1. Let b be l(-1). Suppose b*r - 7 = 3*f, -f - 3*r + r = -11. Calculate the highest common factor of f and 25.
1
Suppose -4*v + 605 = -3*d, -85*d - 688 = -5*v - 91*d. What is the highest common divisor of v and 35551?
73
Let w be (-504)/441 + (-5006)/(-7). What is the greatest common divisor of w and 210?
42
Let r be ((-6)/5)/(15/525). Let a = -40 - r. Let u be (-1617)/(-245) - (-6)/(-10). Calculate the greatest common divisor of a and u.
2
Let y(b) be the first derivative of -b**4/4 + b**3/3 + 5*b**2/2 + 10*b - 3. Let p = 218 - 223. Let l be y(p). Calculate the greatest common factor of 15 and l.
15
Let j be 18/108 + (-119)/(-6). Let l = -40 + 100. Calculate the highest common factor of l and j.
20
Let d be (-1 - -33)/(((-4)/(-4))/16). Let w = -500 + d. What is the greatest common divisor of w and 948?
12
Let k = 984 - 400. Suppose k = -7*r + 2768. Suppose -l = 5*l - r. Calculate the greatest common divisor of 13 and l.
13
Let s(k) = k**3 + 67*k**2 + 743*k + 68. Let v be s(-53). What is the greatest common divisor of 6060 and v?
15
Suppose 14*y + 154 - 434 = 0. Suppose 35 = -y*k + 355. What is the highest common factor of 36 and k?
4
Suppose 28 = -0*t - 2*t. Let l(r) = -5*r - 6. Let p be l(t). Suppose -q - q = -p. What is the highest common factor of 224 and q?
32
Let p(m) = 335*m + 3414. Let s be p(7). Calculate the highest common divisor of 65 and s.
13
Suppose -3*b = 5*a - 6, 3*b + 3*a = 4*a + 24. Calculate the greatest common factor of b and 2646.
7
Suppose m - 44 = -0*m. Let g(k) = -k**3 + 7*k**2 - 4*k + 3. Suppose -26*i = -90 - 40. Let p be g(i). Calculate the greatest common divisor of p and m.
11
Suppose -4*h + 4*j + 74 = -3*h, -3*h + 3*j = -204. Let w = -60 + h. Let l = -38 - -44. What is the highest common divisor of l and w?
6
Let s(a) = a**3 + 9*a**2 + 7*a - 2. Let p be s(-8). Let f = 35 - 27. Let h be 71/p - f/(-48). Calculate the highest common divisor of 96 and h.
12
Suppose 3*p - 54138 = -5*t, 0 = -5*t + 2*p + 17395 + 36713. What is the greatest common divisor of 24 and t?
24
Let u = -8379 + 14099. Calculate the highest common divisor of u and 275.
55
Let p = 0 - -3. Let j(r) = r + 4. Let n be j(0). Suppose n*k + a - 29 = 29, -5*k - 3*a + 69 = 0. What is the greatest common factor of p and k?
3
Suppose 0*h + 4*h - 3*c - 86 = 0, 4*h + c - 94 = 0. Let f(l) = -147*l - h + 68*l + 10*l. Let q be f(-4). What is the greatest common divisor of q and 23?
23
Suppose -20*d + 52 = -7*d. Suppose d*x = -2*b + 16, -7*x + 3*b + 30 = -4*x. Let t(h) = 11*h - 23. Let r be t(x). What is the highest common divisor of r and 86?
43
Suppose 0 = 5*m + 6 - 21. Let q = 47 - m. Suppose -5*b + 1146 = w + 1117, -2*w + 3*b = 7. Calculate the highest common factor of q and w.
4
Let i(s) = s**3 - 34*s**2 - 34*s + 77. Let o be i(35). Suppose 4 = -2*r, -16*x + 13*x - r = -o. Calculate the greatest common divisor of 38 and x.
38
Let j be 18/(-39) - (-1926615)/1131. Calculate the highest common divisor of 65 and j.
13
Let c = -441 + 463. Suppose c*p - 378 = 19*p. What is the greatest common divisor of 28 and p?
14
Let f = -5 + 119. Let b = f - -70. Calculate the highest common factor of b and 644.
92
Let a(n) = n**3 + 8*n**2 + n + 23. Suppose -9*u + 5 = -58. Suppose u*f + 48 = f. Let c be a(f). Calculate the highest common factor of 3 and c.
3
Let p be 4/((-77)/(-25) - 3). Let q be ((-212)/10)/((-32)/160). Let w = q - p. Calculate the highest common factor of w and 140.
28
Let r = 37 + -63. Let u = r - -29. Suppose p - 10 + u = -2*d, -2*p + 4*d + 54 = 0. What is the highest common factor of p and 153?
17
Suppose -8*m - 859 - 165 = 0. Let o = -98 -